+ 44*q**2 + 385*q - 5717. What is c(25)?
158
Let o(j) = -715*j + 190198. What is o(266)?
8
Let b(n) = n**3 - 193*n**2 - 586*n + 38330. What is b(195)?
110
Let o(j) = -612*j - 14014. Determine o(-20).
-1774
Let b(x) = -x**3 + 53*x**2 - 329*x - 21. What is b(7)?
-70
Let t(o) = -8611*o + 77502. Calculate t(9).
3
Let r(z) = 2803*z - 1183. Determine r(-2).
-6789
Let f(b) = 2*b**3 + 13*b**2 - 525*b + 208. Determine f(-20).
-92
Let s(j) = 266*j**2 + 16223*j - 128. What is s(-61)?
55
Let f(r) = -411*r**2 - 316*r + 8. Give f(-1).
-87
Let r(x) = -66298*x - 35800916. Calculate r(-540).
4
Let a(m) = m**3 + 54*m**2 - 41*m + 936. Give a(-55).
166
Let r(q) = -2*q**3 + 547*q**2 - 275*q + 775. Calculate r(273).
229
Let z(f) = 244*f - 3805. Give z(28).
3027
Let t(m) = 2*m**2 + 267*m + 2541. What is t(-123)?
-42
Let s(b) = 10*b**2 + 1539*b - 18306. Determine s(-165).
9
Let h(y) = y**3 + 5*y**2 - 640*y - 127. Determine h(23).
-35
Let p(s) = -s**3 - 23*s**2 - 22425*s - 515785. Calculate p(-23).
-10
Let a(o) = o**2 - 54959*o + 2635724. Determine a(48).
-4
Let d(b) = -1307*b - 463980. Determine d(-355).
5
Let x(p) = -483*p**2 - 93*p - 112. Give x(-2).
-1858
Let l(x) = 9043*x + 99505. Give l(-11).
32
Let a(x) = 177343*x - 709378. Calculate a(4).
-6
Let r(a) = 11*a**2 - 84*a - 5488. What is r(-33)?
9263
Let i(d) = -52*d**2 - 348*d + 298. What is i(-8)?
-246
Let x(p) = p**2 + 6726*p + 792717. What is x(-120)?
-3
Let a(u) = -16*u**2 - 2196*u - 34311. Determine a(-18).
33
Let t(v) = -v**3 - 137*v**2 - 88*v + 8212. Give t(-136).
1684
Let i(x) = -241*x**2 + 12523*x + 402. Give i(52).
-66
Let s(h) = -19*h**2 + 191*h - 316. What is s(20)?
-4096
Let l(f) = f**2 + 8379*f + 3605427. Calculate l(-455).
7
Let l(f) = -f**3 + 35*f**2 - 14*f + 221. Give l(35).
-269
Let c(n) = -3*n**2 + 7*n - 17. Give c(-7).
-213
Let u(h) = -h**3 + 414*h**2 - 1602*h - 15585. What is u(410)?
-5
Let s(c) = 633*c**3 - 48*c**2 - 52*c - 3. Calculate s(-1).
-632
Let i(k) = k**3 - 10*k**2 - 6*k + 68. What is i(7)?
-121
Let k(o) = -9*o**2 + 414*o + 12651. Give k(-21).
-12
Let q(d) = -11*d**3 + 385*d**2 - 7*d + 215. Give q(35).
-30
Let i(w) = -2*w**3 + 44*w**2 + 23*w + 536. Calculate i(23).
7
Let j(u) = -u**3 - 21*u**2 + 73*u + 105. Give j(-20).
-1755
Let c(q) = q**3 + 153*q**2 - 1984*q - 110. What is c(12)?
-158
Let r(a) = -a**2 + 1883*a - 835577. Determine r(716).
-5
Let s(v) = -15493*v + 620096. Calculate s(40).
376
Let s(x) = x**3 - 10*x**2 - 78*x + 671. Determine s(7).
-22
Let n(d) = 2*d**2 - 1221*d + 52972. Calculate n(47).
3
Let h(l) = l**2 - 79*l + 24. Give h(0).
24
Let w(c) = -63*c**3 - 13*c**2 - 32*c - 44. What is w(-3)?
1636
Let r(h) = 52930*h + 476618. Calculate r(-9).
248
Let p(n) = 2*n**3 + n**2 - 4340*n + 92. Calculate p(0).
92
Let c(a) = -107*a + 1583. Calculate c(23).
-878
Let m(l) = 1755*l + 6777. Determine m(-4).
-243
Let k(a) = -10158*a - 335226. What is k(-33)?
-12
Let d(l) = -3*l**3 + 39*l**2 + 104*l - 849. Calculate d(14).
19
Let k(q) = -4*q**3 + 88*q**2 - 138*q + 3041. Determine k(22).
5
Let j(f) = -f**3 + 8509*f**2 + 1440049*f - 160. Give j(-166).
6
Let x(s) = -379*s - 7761. Determine x(-21).
198
Let b(o) = -3*o**3 - 18*o**2 + 758*o + 410. What is b(-19)?
87
Let k(t) = -21141*t - 42329. Give k(-2).
-47
Let m(c) = c**3 + 26*c**2 - 56*c + 949. Give m(-29).
50
Let r(u) = u**2 + 71*u - 106. Give r(-53).
-1060
Let l(z) = -z**2 - 10617*z + 180760. What is l(17)?
-18
Let i(c) = 2*c**3 + 148*c**2 + 4*c + 1003. Determine i(-74).
707
Let p(u) = 81*u**3 - 18388*u**2 + 242*u - 3422. What is p(227)?
-17
Let h(m) = 11*m**3 - 276*m**2 + 35*m + 106. Calculate h(25).
356
Let v(x) = 17637*x - 65. What is v(0)?
-65
Let h(f) = -98*f**3 + 2*f**2 + 16*f - 20. Determine h(2).
-764
Let v(t) = t**3 + 84*t**2 - 4898*t - 409089. Give v(-85).
16
Let n(i) = 3*i**3 + 1111*i**2 + 2576*i + 34. Give n(-368).
34
Let c(y) = 2*y**3 - 27*y**2 + 5541*y - 83798. Calculate c(15).
-8
Let y(z) = -z**3 + 32*z**2 - 144*z - 17. Calculate y(14).
1495
Let t(x) = 6*x**3 + 49*x**2 + 2*x - 275. Determine t(-6).
181
Let t(o) = 5475*o - 5333. What is t(1)?
142
Let y(w) = w**2 + 67*w + 793. Calculate y(-39).
-299
Let z(w) = w**2 + 182*w + 2255. Determine z(-13).
58
Let y(p) = 29*p**2 - 128*p + 79. Determine y(8).
911
Let t(k) = 138*k + 11979. What is t(-73)?
1905
Let v(c) = -c**3 - 7*c**2 + 85*c + 156. Determine v(-13).
65
Let f(q) = -90*q**3 + 813*q**2 - 14*q + 29. What is f(9)?
146
Let u(p) = 722*p**2 + 246*p + 180. Determine u(-1).
656
Let o(t) = 18110*t - 3422766. Calculate o(189).
24
Let b(n) = 59*n**3 + n**2 - 159*n - 499. Determine b(-3).
-1606
Let i(k) = -3703*k - 129574. Give i(-35).
31
Let m(r) = 4*r**2 - 3789*r - 19035. What is m(-5)?
10
Let a(r) = 2*r**2 - 2148*r - 39125. Give a(-18).
187
Let r(l) = 1822*l - 87447. What is r(48)?
9
Let p(g) = -661*g**2 - 109*g + 105. Determine p(1).
-665
Let h(p) = -12*p**3 + 6868*p**2 + 4585*p - 534. Calculate h(573).
39
Let j(v) = 7*v**2 - 12153*v - 48622. What is j(-4)?
102
Let f(u) = -13*u**3 - 87*u**2 - 118*u - 383. What is f(-6)?
1
Let p(v) = -v**2 - 172*v - 7235. Determine p(-118).
-863
Let b(n) = 620*n - 66360. Give b(106).
-640
Let v(t) = 39*t**2 - 58*t - 402. Give v(-5).
863
Let t(b) = b**2 + 27538*b + 19830531. Calculate t(-740).
11
Let p(z) = 57*z**2 + 302*z + 7. What is p(0)?
7
Let g(x) = x**2 + 341*x + 11627. Give g(-302).
-151
Let r(g) = g**3 - 331*g**2 - 2062*g + 13585. Give r(337).
105
Let y(j) = -j**3 + 177*j**2 - 857*j - 595. Calculate y(172).
-79
Let i(b) = 3*b**2 + 69983*b - 700136. What is i(10)?
-6
Let r(n) = 22*n**3 - 57*n**2 - 109*n - 8. Calculate r(-2).
-194
Let h(b) = -2*b**3 - 7*b**2 + 30*b + 46. Determine h(-3).
-53
Let g(k) = 330*k + 6484. Determine g(-27).
-2426
Let n(h) = -23*h**2 + 1348*h - 754. Calculate n(58).
58
Let t(v) = -276*v**2 - 37260*v - 4. What is t(-135)?
-4
Let n(a) = 80*a**2 - 71*a - 141. Give n(0).
-141
Let r(f) = -181*f + 11255. What is r(62)?
33
Let h(m) = 550*m**3 - m**2 - 9*m - 5. Give h(-2).
-4391
Let c(w) = 2559*w - 3017. Give c(2).
2101
Let u(p) = -463*p + 56041. Calculate u(121).
18
Let m(r) = -r**3 - 36*r**2 - 69*r - 639. Calculate m(-34).
-605
Let b(c) = -5540*c**2 + 27547*c - 2. What is b(5)?
-767
Let j(m) = -m**2 - 561*m + 35222. Determine j(57).
-4
Let x(i) = i**3 + 46*i**2 + 69*i + 182. Give x(-45).
-898
Let d(j) = 1743*j - 327585. Give d(188).
99
Let t(s) = -288031*s - 1728183. Calculate t(-6).
3
Let d(j) = 2235*j + 1628. Calculate d(1).
3863
Let x(s) = s**2 - 787*s - 205812. Give x(-207).
-54
Let r(t) = 129*t**3 + 3223*t**2 - 112*t - 1560. Determine r(-25).
-10
Let q(r) = 2*r**2 - 1045*r + 61058. Calculate q(67).
21
Let k(f) = f**3 - 11*f**2 - 17249*f + 1619. Calculate k(-126).
-19
Let o(s) = 192*s**3 - 761*s**2 - 5*s - 12. Calculate o(4).
80
Let i(g) = 7*g**2 - 1389*g - 7132. Determine i(-5).
-12
Let c(s) = -2*s**3 + 5*s**2 - 164*s + 466. Give c(3).
-35
Let o(s) = -s**2 + 260*s - 16593. Determine o(134).
291
Let z(u) = -241*u - 2809. Calculate z(-24).
2975
Let v(s) = -s**2 - 170*s + 4601. Calculate v(23).
162
Let z(q) = -4*q**2 + 2676*q - 10642. What is z(665)?
-2
Let a(p) = -11086*p - 1031028. Calculate a(-93).
-30
Let b(u) = -6*u**2 + 284*u + 3178. Calculate b(-10).
-262
Let g(n) = 4*n**3 - 70*n**2 + 28*n - 1255. What is g(18)?
-103
Let p(f) = -1641*f - 119837. Determine p(-73).
-44
Let h(b) = -135842*b + 679176. Determine h(5).
-34
Let c(w) = -4*w**2 + 1342*w - 11113. Determine c(327).
5
Let u(n) = n**3 - 40*n**2 - 218*n - 96. What is u(45)?
219
Let k(d) = 29603*d - 325607. Calculate k(11).
26
Let t(p) = p**2 - 33*p - 10909. Calculate t(-89).
-51
Let i(r) = -2406*r + 50456. Give i(21).
-70
Let d(z) = 5631*z + 174853. Give d(-31).
292
Let t(f) = 2785*f + 47215. Calculate t(-17).
-130
Let r(f) = 190*f + 1970. What is r(-11)?
-120
Let b(w) = w**2 + 150*w + 3888. What is b(-38)?
-368
Let g(p) = p**2 + 796*p + 90185. Give g(-137).
-98
Let s(b) = -b**2 + 15*b - 6. Determine s(-14).
-412
Let w(d) = -33*d**2 + 546*d - 83. Give w(18).
-947
Let c(l) = 8*l**2 + 2135*l + 12620. Give c(-6).
98
Let h(g) = g**3 + 336*g**2 + 2963*g - 87. Determine h(-9).
-267
Let h(r) = -2*r**2 - 66472*r + 465422. Give h(7).
20
Let q(y) = -318086*y - 318084. Determine q(-1).
2
Let l(d) = -2*d**2 + 24*d + 846. Calculate l(35).
-764
Let h(w) = -53182*w +